?
6
What is the units digit of 443108507?
7
What is the ten thousands digit of 241322562?
2
What is the hundred thousands digit of 3636370554?
3
What is the ten millions digit of 82270503?
8
What is the ten thousands digit of 4460947028?
4
What is the tens digit of 5514339?
3
What is the ten thousands digit of 82584584?
8
What is the units digit of 84342469?
9
What is the hundred millions digit of 7458923091?
4
What is the millions digit of 228149528?
8
What is the tens digit of 264693260?
6
What is the ten millions digit of 888643287?
8
What is the thousands digit of 577469806?
9
What is the millions digit of 85294564?
5
What is the millions digit of 474166215?
4
What is the millions digit of 609531178?
9
What is the ten thousands digit of 32335458?
3
What is the units digit of 2708503033?
3
What is the thousands digit of 52971459?
1
What is the hundred millions digit of 2984133127?
9
What is the thousands digit of 264882682?
2
What is the ten millions digit of 1013446749?
1
What is the millions digit of 336724415?
6
What is the hundreds digit of 195831777?
7
What is the ten millions digit of 122322447?
2
What is the millions digit of 5892926153?
2
What is the millions digit of 25275793?
5
What is the tens digit of 202774152?
5
What is the millions digit of 14778686?
4
What is the millions digit of 85022089?
5
What is the hundreds digit of 2044768?
7
What is the millions digit of 49686671?
9
What is the hundreds digit of 127014358?
3
What is the units digit of 101844927?
7
What is the hundred millions digit of 224050799?
2
What is the ten millions digit of 275265825?
7
What is the hundreds digit of 7726016?
0
What is the thousands digit of 680820990?
0
What is the ten millions digit of 3336473963?
3
What is the thousands digit of 55869311?
9
What is the ten thousands digit of 41861382?
6
What is the tens digit of 1538980904?
0
What is the units digit of 108204288?
8
What is the thousands digit of 3474583522?
3
What is the hundred millions digit of 1005186226?
0
What is the tens digit of 1259518234?
3
What is the ten millions digit of 31323775?
3
What is the hundred thousands digit of 17698636?
6
What is the thousands digit of 60822477?
2
What is the thousands digit of 42233993?
3
What is the millions digit of 911781214?
1
What is the ten millions digit of 129429142?
2
What is the ten thousands digit of 2372611206?
1
What is the millions digit of 167784076?
7
What is the millions digit of 3979640487?
9
What is the thousands digit of 46213777?
3
What is the hundred millions digit of 959999994?
9
What is the hundred thousands digit of 2557762564?
7
What is the ten millions digit of 1877957102?
7
What is the hundreds digit of 49823228?
2
What is the hundred thousands digit of 104702?
1
What is the millions digit of 89869374?
9
What is the thousands digit of 1202368833?
8
What is the hundreds digit of 910492467?
4
What is the hundred thousands digit of 69275469?
2
What is the ten millions digit of 35422907?
3
What is the thousands digit of 59153085?
3
What is the ten thousands digit of 1710596125?
9
What is the hundred millions digit of 4364960331?
3
What is the tens digit of 33086920?
2
What is the hundreds digit of 105845239?
2
What is the ten millions digit of 1800540381?
0
What is the tens digit of 32530088?
8
What is the hundred millions digit of 412836697?
4
What is the tens digit of 8136448?
4
What is the hundreds digit of 4301889041?
0
What is the billions digit of 4528881686?
4
What is the tens digit of 1080142713?
1
What is the ten thousands digit of 30584358?
8
What is the ten millions digit of 1274882013?
7
What is the billions digit of 1877304229?
1
What is the tens digit of 840138106?
0
What is the ten thousands digit of 8124208571?
0
What is the ten thousands digit of 2128263941?
6
What is the hundred millions digit of 1539058947?
5
What is the ten millions digit of 998064076?
9
What is the millions digit of 414106031?
4
What is the millions digit of 23507058?
3
What is the thousands digit of 685084320?
4
What is the hundred millions digit of 2088869051?
0
What is the ten thousands digit of 68669099?
6
What is the ten thousands digit of 192420768?
2
What is the ten millions digit of 5178978159?
7
What is the ten millions digit of 661729310?
6
What is the tens digit of 293794525?
2
What is the hundreds digit of 649698146?
1
What is the tens digit of 982205544?
4
What is the tens digit of 323795067?
6
What is the hundred millions digit of 1753442374?
7
What is the millions digit of 764062175?
4
What is the millions digit of 152999795?
2
What is the hundreds digit of 652260712?
7
What is the thousands digit of 1177921256?
1
What is the tens digit of 239672597?
9
What is the units digit of 139451297?
7
What is the thousands digit of 28607757?
7
What is the thousands digit of 1164680?
4
What is the billions digit of 2277272910?
2
What is the ten millions digit of 6211434161?
1
What is the hundred millions digit of 1374025665?
3
What is the tens digit of 63380068?
6
What is the thousands digit of 139219120?
9
What is the units digit of 145936252?
2
What is the units digit of 2595046591?
1
What is the hundred millions digit of 298909892?
2
What is the hundred thousands digit of 108385928?
3
What is the hundred thousands digit of 810806116?
8
What is the units digit of 700451179?
9
What is the ten millions digit of 61604691?
6
What is the hundred thousands digit of 5801007023?
0
What is the ten thousands digit of 25796970?
9
What is the billions digit of 1029212438?
1
What is the units digit of 1232927224?
4
What is the units digit of 428197085?
5
What is the millions digit of 53188401?
3
What is the hundreds digit of 4854028?
0
What is the hundred thousands digit of 691016031?
0
What is the ten thousands digit of 452859667?
5
What is the ten thousands digit of 41537103?
3
What is the millions digit of 4618281330?
8
What is the billions digit of 1439493572?
1
What is the ten thousands digit of 3335887600?
8
What is the thousands digit of 16313486?
3
What is the hundreds digit of 596605967?
9
What is the hundreds digit of 823942945?
9
What is the ten thousands digit of 160840077?
4
What is the units digit of 90475808?
8
What is the millions digit of 1118935333?
8
What is the ten thousands digit of 215367208?
6
What is the ten millions digit of 146230017?
4
What is the tens digit of 55088?
8
What is the ten thousands digit of 621703790?
0
What is the billions digit of 2020063846?
2
What is the units digit of 6840328?
8
What is the thousands digit of 128604700?
4
What is the thousands digit of 3436818342?
8
What is the millions digit of 60284191?
0
What is the billions digit of 1406271483?
1
What is the hundreds digit of 17278731?
7
What is the units digit of 84582046?
6
What is the ten thousands digit of 47816750?
1
What is the millions digit of 34864496?
4
What is the millions digit of 12477601?
2
What is the tens digit of 2170257676?
7
What is the thousands digit of 496370404?
0
What is the ten thousands digit of 64366777?
6
What is the ten millions digit of 1051973316?
5
What is the hundreds digit of 568493487?
4
What is the units digit of 111403215?
5
What is the millions digit of 402286526?
2
What is the hundred thousands digit of 2663328537?
3
What is the ten thousands digit of 48980205?
8
What is the units digit of 115398419?
9
What is the tens digit of 1274408123?
2
What is the millions digit of 28227812?
8
What is the hundreds digit of 45810718?
7
What is the units digit of 109497333?
3
What is the thousands digit of 2458418?
8
What is the millions digit of 55613646?
5
What is the hundreds digit of 98798732?
7
What is the tens digit of 212086391?
9
What is the thousands digit of 547668892?
8
What is the millions digit of 2170897166?
0
What is the ten thousands digit of 1870024400?
2
What is the hundred thousands digit of 140469286?
4
What is the hundred millions digit of 170971313?
1
What is the thousands digit of 426470700?
0
What is the tens digit of 261537535?
3
What is the tens digit of 237497959?
5
What is the hundred millions digit of 1807289939?
8
What is the hundred thousands digit of 2480094549?
0
What is the units digit of 1612970473?
3
What is the thousands digit of 37619643?
9
What is the hundreds digit of 3247897926